Let r be (-4)/20 - j/(-10). Let v(d) = -d**3 - 4*d**2 + 2*d + 4. Give v(r).
-4
Let j be 1 + 0 + 12/((-12)/2). Let g(q) = -11*q + 1. Determine g(j).
12
Suppose -18 = -4*t - 2. Let z(o) = o**2 - 3*o. Determine z(t).
4
Let a = -5 + 3. Let p be (4/(-6))/(a/9). Let b(d) = 3 - 3*d + 3*d**2 - 1 - d**2. Determine b(p).
11
Let g = 43 - 47. Let t(a) = a**2 + 4*a + 2. Calculate t(g).
2
Let h(q) be the first derivative of q + 3*q**2 - q**3 + 5 - 1/4*q**4. Give h(-4).
-7
Let s be 0/(2/(-4 + 2)). Suppose 2*i - 4*o = 24, -2*o = -2*i - 4*o. Suppose i*z + 8 = -s. Let h(a) = 5*a + 3. Give h(z).
-7
Let f = -4 - -9. Let o(k) = -7*k + k - 4*k**2 + k**3 - 6 + 0*k**2. Calculate o(f).
-11
Let f(o) = o**3 + o**2 + o + 9. Let i be f(0). Let x(h) = -3 - h**2 + i*h - 9*h + 0*h**2. What is x(0)?
-3
Let f(v) be the first derivative of v**3/3 - 5*v**2/2 - 3*v - 39. What is f(7)?
11
Let w(n) = -n**3 - 7*n**2 - 7*n - 5. Let p be w(-6). Let o(d) = d**3 + 9*d**2 + d + 11. Let i be o(-9). Let x(h) = -2 + 4 - i + 1 + h. Calculate x(p).
2
Let s(i) = -2 + 3*i + 10*i - 17*i. Let u(j) = j**3 + j - 2. Let g(y) = -y + 9. Let d be g(9). Let w be u(d). Calculate s(w).
6
Let o(j) = -j**3 - j**2 + 4*j + 1. Let c(s) = s - 12. Let d be c(9). Calculate o(d).
7
Let p(h) = 8*h**2 + h. Let i be (-26)/22 - 6/(-33). Let z be 2 - 0/(-4 - i). Suppose 5 - 3 = -z*m. Give p(m).
7
Suppose -s - s = 6. Let n(b) = 3*b + 3. Let t be n(s). Let d(j) = -j**3 - 5*j**2 + 7*j + 9. What is d(t)?
3
Let g(i) = -2*i + 27. Let c(u) = -u + 13. Suppose -s = 2*l - l - 5, 0 = 5*l + 5. Let r(x) = s*g(x) - 13*c(x). Give r(6).
-1
Let z(p) = p**3 + p**2 + 1. Let q(y) = -y**3 - 5*y**2 - 3*y. Let w(b) = -q(b) - 3*z(b). Let u be (-2)/5 + (-144)/(-60). Determine w(u).
-5
Let o(v) = -2*v**3 - 2*v**2 + 2. Let n(u) = u**3 + u**2 - u - 1. Let y(w) = 3*n(w) + o(w). Let t(m) = m + 2. Let k be t(-4). Determine y(k).
1
Let y(m) = -m - 14. Let l(v) = -6*v - 70. Let t(d) = 3*l(d) - 16*y(d). What is t(10)?
-6
Let i(m) = 2*m**2 + 3*m. Suppose 10 = -0*t - 5*t. Calculate i(t).
2
Let b(s) = 4*s**2 + 11*s + 10. Let h(f) = 11*f**2 + 32*f + 29. Let r(m) = 8*b(m) - 3*h(m). Calculate r(-8).
-7
Suppose 7*x - 4*x + 9 = 0. Let c be x + (3 + 0)/1. Let h(a) = -a**2 + a + 6. Give h(c).
6
Let b be (0/1)/(-2) - -5. Suppose -82 = -5*a - b*o - 22, 2*a - o = 15. Let c be ((-6)/a)/(2/(-18)). Let r(k) = k. Calculate r(c).
6
Let s(y) be the first derivative of y**5/5 + y**2/2 - 4*y - 6. Let c(b) be the first derivative of s(b). Determine c(1).
5
Let d = 432 - 436. Let k(n) = -n**3 + 6*n**2 - 5*n + 1. Let i(j) = -3*j**3 + 13*j**2 - 11*j + 2. Let l(h) = 2*i(h) - 5*k(h). Determine l(d).
-13
Let p = 1 + 4. Let z(u) be the third derivative of -1/6*u**3 - u**2 + 0*u + 0 + 1/60*u**5 - 1/6*u**4. What is z(p)?
4
Let p(r) = r - 1. Let c(k) = 9*k - 9. Let t(j) = -4*c(j) + 33*p(j). What is t(2)?
-3
Let l(q) = q**2 + 3*q + 3. Let m(o) = 2*o - 2. Let n be 1*3/(-6)*-10. Let f be m(n). Suppose -2*x - f = -0. Calculate l(x).
7
Let t(y) = 4*y**3 - 7*y**2 + 3*y - 5. Let a(r) = 5*r**3 - 8*r**2 + 3*r - 6. Let s(z) = -3*a(z) + 4*t(z). What is s(2)?
-4
Let r(m) = m**2 - 5*m + 1. Let h be r(5). Let q(d) be the second derivative of -1/2*d**2 + 7/12*d**4 + 0*d**3 + 0 - 3*d. Give q(h).
6
Let r(g) be the first derivative of -1 - 4/3*g**3 + 1/4*g**4 + 3*g - 1/2*g**2. Give r(4).
-1
Let k(p) = 28*p - 7 + 0 - 29*p. Give k(0).
-7
Let j(v) be the second derivative of v**5/120 + v**4/8 + 2*v**3/3 + 3*v. Let p(t) be the second derivative of j(t). What is p(0)?
3
Let x be -2 + 1 + (-2 - -4). Suppose 3*b + 2 = -x. Let t(h) = 10*h**2 + h - 16. Let g(s) = 2*s**2 - 3. Let u(z) = -11*g(z) + 2*t(z). What is u(b)?
-3
Let q(d) be the second derivative of -d**5/20 + d**4/2 - d**3/6 - 3*d**2 + 29*d. What is q(6)?
-12
Suppose -3*v = 2*a - 3, -5*a - 6*v + 4 = -2*v. Let y be a + 0 + 2 + -1. Let x(p) be the third derivative of 7*p**5/60 - p**4/24 + p**3/6 - p**2. Determine x(y).
7
Suppose -g - 15 = -6*g. Suppose t = -g*t. Let v(w) be the second derivative of -w**5/20 - w**3/6 + 3*w**2 + w. Give v(t).
6
Let m(q) = -4*q + 5. Let i(k) = -7*k + 9. Let n(s) = -1. Let z(j) = -i(j) + n(j). Let p(b) = 11*m(b) + 6*z(b). Calculate p(-6).
7
Let j(r) be the first derivative of r**4/4 + 2*r**3/3 + 4*r + 1. Let v(g) = -g**2 + 8*g + 12. Let c be v(9). Let h be 0 + 1*(c + -6). Give j(h).
-5
Let h(d) = 2*d**2 + 1. Let b = 9 + -5. Let y = 3 - b. What is h(y)?
3
Let c(w) = -3*w + 6. Suppose -26 = -5*y + 2*u, -y - u = y - 5. Suppose y*a - 6 - 14 = 0. What is c(a)?
-9
Suppose -3 = 5*d - 3*c, -4*d = -2*c + 2 - 0. Let u(q) = -q**3 - 7*q**2 - 6*q + 2. Let s be u(-6). Let b(f) = -3 - s*f + f + 2*f. Give b(d).
-3
Let d(w) = -2*w - 1. Let c(k) = -k**2. Let z be c(0). Let s be 0 + ((-5)/1 - z). What is d(s)?
9
Let x(s) = 2*s - 11*s**2 + 12*s**2 + 2 - 1. Calculate x(-2).
1
Let c(g) = -4*g**2 + 2 - 7 + 2 - 4*g + 1. What is c(-2)?
-10
Let u(g) = 4*g**3 + 4*g**2 + 2. Let h(p) = -5*p**3 - 4*p**2 + p - 2. Let s(z) = -3*h(z) - 4*u(z). Let v be 0 - (2 - (-2 + 1)). What is s(v)?
-2
Let p = -2 + 0. Let c(g) = -2*g + 1. Let q be c(p). Suppose -4*v - 1 = -q*v. Let m(u) = 3*u. Determine m(v).
3
Let h(g) = -g**3 - 3*g**2 + 3*g + 2. Suppose 0*u = -u + 1. Let l be 2 + 0 + -6 + u. Calculate h(l).
-7
Let b(h) be the first derivative of h**6/120 + h**5/15 - h**4/8 - h**3 - 2*h**2 - 3. Let c(v) be the second derivative of b(v). Calculate c(-4).
6
Let a = -6 + 7. Let f(r) = 2*r + 2. Let w(x) = -5 - 6*x + 2 - 2. Let t(j) = -8*f(j) - 3*w(j). What is t(a)?
1
Let k(r) = 2*r**2 + 5*r**2 - 190*r**3 + 3 + 189*r**3 + r. Calculate k(7).
10
Suppose l - 20 = 6*l, 0 = 5*d + l - 26. Suppose -2*p - p = d. Let s(k) = k**3 + k**2. What is s(p)?
-4
Suppose -d + 3*d = 0. Suppose 0*y - 4*y = d. Let u(g) = 3*g**2 + g - 6. Let m(a) = -2*a**2 - a + 6. Let w(j) = 4*m(j) + 3*u(j). Determine w(y).
6
Let u(p) be the second derivative of p**5/20 - 3*p**4/4 + p**3 + p**2/2 - 14*p. What is u(8)?
-15
Let g(b) = -1 - 5 - 7*b + 3 + 5. Determine g(-2).
16
Suppose 6 = 2*y - 4*w, 3*y - 2*w - 30 = -y. Let s = y + 0. Let m be (-23)/5 + s/15. Let d(r) = -r**3 - 4*r**2 - r - 4. Give d(m).
0
Let z(p) = -2*p**2 - 24*p + 21. Let d be z(-13). Let g(u) = -u**3 - 7*u**2 - 4*u + 2. Determine g(d).
-28
Let n = 39 + -29. Let u(b) = b**2 - 10*b - 9. What is u(n)?
-9
Let t(b) = -3*b - 12. Let s(m) = -10*m - 37. Let w(d) = 2*s(d) - 7*t(d). Calculate w(-9).
1
Let d(i) be the first derivative of -i**4/4 - i**3 + 3*i**2 + 5*i + 3. Let l(r) be the second derivative of -r**3/3 + 4*r**2 - 2*r. Let n be l(6). What is d(n)?
-3
Let a(y) be the first derivative of -y**4/4 + y**3 + y**2 - y - 3. Let z(t) = t**2 + 4. Let f be z(0). Determine a(f).
-9
Let v(h) = -11*h**2 - h + 9. Let r(z) = 5*z**2 - 4. Let p(s) = 9*r(s) + 4*v(s). Let y be (-1 + -2)/((-6)/8). Determine p(y).
0
Let r be 18/45 - (-24)/(-10). Let t(o) = 6*o**2 - 2*o - 3. Let s(v) = 6*v**2 - 2*v - 4. Let c(z) = r*s(z) + 3*t(z). Calculate c(-1).
7
Let v(s) = 6 - s**2 - 3*s - s - 2. Give v(-5).
-1
Suppose o - 3 = -0*o. Let z(r) = 3*r + 8. Let g(u) = -8*u - 23. Let v(b) = -2*b + 3. Let h be v(-4). Let m(n) = h*z(n) + 4*g(n). What is m(o)?
-1
Let f(h) = h**3 + 5*h**2 + 4. Let l be f(-5). Suppose 2*v - l*k = 26, 2*v = 4*v + k - 1. Let n(b) = b**2 - b - 4. Calculate n(v).
2
Let d = -4 - 9. Let m(t) = 7*t**2 - 4*t. Let z(v) = 0*v**2 - 15*v**2 + 7*v + 2*v. Let k(h) = d*m(h) - 6*z(h). What is k(-3)?
-3
Let f(k) be the third derivative of k**5/60 - k**4/4 - k**3/6 - 2*k**2. Let w(i) = 2*i**2 + 4*i + 5. Let b be w(-2). Determine f(b).
-6
Let r(z) = z + 3. Suppose -3*u - 14 = -3*j - 2*u, -4*j - 3*u = 3. Suppose -j*q = -2*q. What is r(q)?
3
Let b(d) = d**2 + 6*d - 1. Let u(q) = -q. Let x be u(-3). Suppose 0 = -2*i - x*c + 15, -5*i - 5*c + 35 = 5. Let f be (i/(-9))/(2/30). Calculate b(f).
-6
Suppose -g + 3 = 4*n - 6*g, -5*n = -4*g - 6. Suppose 2*x + n = 6. Suppose -3 - x = -z. Let y(w) = -w**2 + 5*w + 4. Give y(z).
4
Let h(d) = 1 + d**2 - 80*d - 4*d**2 + 82*d. Determine h(2).
-7
Let b(q) = 3*q + 2*q - 3*q - 11*q - 1. Give b(-1).
8
Let h(a) = 0 - 25*a**3 + 0*a**2 + 31*a**3 - 2*a + 2*a**2 + 1. What is h(1)?
7
Let l(n) be the second derivative of -n**5/20 - n**4/3 + 5*n**3/6 + 2*n**2 + n. Suppose s = -0 - 5. What is l(s)?
4
Let f(v) be the second derivative of -2*v**3/3 + 3